uppose -k*m = 26 - 196. Is m composite?
True
Is -1 - (-87 - (-6)/(-2)) prime?
True
Let m(v) be the first derivative of 7*v**5/20 + v**3/3 - v**2 + 3. Let j(n) be the second derivative of m(n). Is j(-3) a composite number?
False
Let p = -5 + 0. Let v = -4 - p. Is (-5)/v*(-3)/5 prime?
True
Let p = -5 + 8. Suppose -171 = -q - 3*q - p*j, -2*j = 2*q - 88. Let l = q - 24. Is l a prime number?
False
Suppose n + 2*z - 2535 = 0, -5*n - 318 + 12969 = -2*z. Is n composite?
False
Suppose 2*o - 187 = -65. Let r = 10 - -17. Suppose -r = -4*v + o. Is v a prime number?
False
Let y = -22 - -31. Suppose 46 = n + y. Is n composite?
False
Let a = 474 + -303. Suppose -a = -3*d + 498. Is d prime?
True
Suppose 0 = s - 82 + 22. Let q = s - 141. Let z = q + 196. Is z prime?
False
Let s(f) = -377*f + 3. Let j be s(-2). Suppose -3*c - 4*l = -1243 + 108, -3*l = 2*c - j. Is c composite?
True
Let w(t) = -3*t**2 + 3*t + 5. Let c(s) = s + 1. Let a(j) = -2*c(j) - w(j). Is a(5) composite?
False
Suppose 144 = -3*r + 7341. Is r prime?
True
Let z(l) = -l**3 - l**2 - 4*l - 2. Let o be z(-5). Let q = o - -22. Suppose 5*h - h = q. Is h composite?
True
Let n(l) = 47*l + 28. Is n(15) composite?
False
Let k be ((-8)/(-8))/(1/1). Is (-1)/(k/14*-1) a prime number?
False
Let z be (16/12)/(1/414). Suppose 332 + z = -2*r. Is (-4)/16 + r/(-8) prime?
False
Let n(l) = -l**3 - 7*l**2 - 6*l + 3. Let b be n(-6). Let z be 5 - b - 12/2. Is z/(-6)*111/2 composite?
False
Let k(i) = -i + 1. Let l(j) = 5*j. Let o(v) = -2*k(v) - l(v). Suppose 2*w + 3 = w. Is o(w) a composite number?
False
Suppose o - 2*x = -0*x + 76, -2*o - 3*x + 187 = 0. Is o composite?
True
Suppose -6*m + o - 17664 = -10*m, 0 = 2*m + 5*o - 8850. Is m a composite number?
True
Suppose 2*g - 4*k = 374, -g + 184 = -0*k + k. Is g a prime number?
False
Let q(f) be the second derivative of -10*f**3/3 - f**2/2 - 4*f. Is q(-6) a prime number?
False
Let d(p) be the first derivative of -p**2/2 + p + 1. Let v = 46 + -56. Is d(v) a composite number?
False
Let g(k) = k**2 + 3*k - 1. Let f be g(-4). Is 3 - ((-37)/1 + f) composite?
False
Let i(m) = -644*m - 17. Is i(-5) a composite number?
False
Suppose -2*t + 16 = 2*m, 5*t - 3*t - 8 = -m. Is ((-586)/(-3))/(m/12) prime?
True
Let a be (-5 - 0)/(0 - -1). Suppose 2*m + 4*c - 2*c = 10, -c = 4*m - 20. Is (-2)/m + (-117)/a a composite number?
False
Suppose 163 = 3*z + 4*s, 2*s + 48 - 7 = z. Is z a prime number?
False
Suppose 0 = 12*o - 7*o - 4715. Is o prime?
False
Let c = 14 + 5. Suppose -2*p + d = -19, 5*p - 3*d = 69 - c. Suppose 271 = 4*g - 3*l, 3*l - p = 2*g - 144. Is g composite?
False
Suppose -4*o = o - 20. Let d(t) = t**3 - 4*t**2 + 2*t - 5. Let v be d(o). Suppose -3*r = -s - 31, r - 5*s = -v*r + 34. Is r composite?
False
Let y(b) = -5 + 88*b + 7*b + 54*b. Let f be y(6). Suppose 3*x - 2*q = -x + 1168, -3*x + f = 5*q. Is x a composite number?
False
Suppose -2*d - 5*k = -659, k + 445 = 5*d - 1243. Is d composite?
False
Let u be -15 + 14 + 246*-2. Let m = 1076 + u. Is m prime?
False
Suppose 0*i - 3*i - 3*k = 0, 0 = -4*i + 3*k + 21. Is (-66)/i*10/(-4) a composite number?
True
Let g be -5*(-3)/((-45)/(-1266)). Suppose 0 = 5*j - 7*j + g. Is j prime?
True
Is (1341/54)/(1/(-9))*-2 composite?
True
Let o = -1 - -2. Is o/((-4)/(2 - 286)) composite?
False
Let r = 66 + -32. Suppose -4*f + r + 10 = 0. Is f prime?
True
Let n(k) = -5*k**2 + 0*k**2 + 6*k**2 + 5*k - 3. Is n(-7) a prime number?
True
Is (-4)/(-20) - (-51320)/25 prime?
True
Suppose 0*g = 5*g - 270. Suppose 6 = 5*d - g. Suppose d = 3*l - 18. Is l prime?
False
Let n = 364 - -1179. Is n composite?
False
Suppose -7*j + 2*j = -2*y + 159, 0 = j - 2*y + 35. Let m be (0 - 3) + j - -3. Let h = 88 + m. Is h composite?
True
Suppose b = -0 + 2. Let p(g) = -3*g + g + 4*g**2 - g**b + 7. Is p(-6) prime?
True
Let l(t) = -t**2 - 3*t + 18. Let s be l(-7). Suppose 5*f + 4*j = 125, -2*f + j + 43 = 4*j. Let w = s + f. Is w prime?
True
Let s be (-2)/(2 + -3 + 0). Let k(q) = 106*q - 1. Is k(s) a composite number?
False
Let c = 52 - 16. Suppose 4*u - c = 1840. Suppose 4*p + p - 3*a - u = 0, 0 = -2*a + 4. Is p a prime number?
False
Let c(d) = -2*d**3 - 2*d**2 + 4*d - 2. Let h(o) = -o**3 - o**2 + 2*o - 1. Let r(b) = -6*c(b) + 13*h(b). Let m be r(1). Is 46/2*(m + 2) composite?
False
Let m = 219 - 80. Is m composite?
False
Let p(n) be the third derivative of 17*n**4/24 - n**3 + 8*n**2. Is p(7) a prime number?
True
Let i(b) = -4*b - 4. Let j be i(5). Let h = 101 + j. Is h prime?
False
Let l = -85 - -174. Is l a prime number?
True
Suppose -5*o + 2*y + 14 + 6 = 0, -11 = 2*o + 3*y. Suppose c - l = 1, -o*l + 23 = 2*c + c. Suppose 3*t + 110 = c*t. Is t composite?
True
Suppose i - 2405 = -4*i. Suppose 2*o + i = 3*l, 5*o = l - 2*l + 166. Is l a prime number?
False
Suppose w + 2*s - 4 = -2, -2*w + 5*s + 22 = 0. Let i = 19 + w. Is i a composite number?
True
Suppose -4*u + 2*n = -2*u - 44, 2*u - n = 49. Let c = -17 + u. Let h = 47 - c. Is h a composite number?
False
Let i = 183 + -565. Let w = 573 + i. Is w a composite number?
False
Let a = 15 + -9. Suppose k = -5*n + a*k + 260, -4*k - 110 = -2*n. Is n a composite number?
True
Suppose -51 = -5*a - 11. Let f = a - 6. Suppose 4*p = -2*j + 98, 2*j - f*p - 147 = -j. Is j a composite number?
True
Let q = 4 - 2. Suppose -h + 13 = 5*u, -u + q*h + 4 = 4*u. Suppose 4*c = 2*t - 62, 0*t + 4*t + u*c - 154 = 0. Is t a prime number?
True
Suppose -324 = -o - o. Let y be (o - -2)*28/8. Suppose -t = -3*d + y, t - 192 = -d + 2*t. Is d a composite number?
False
Let n(i) = i**2 - 3*i + 2. Let s be n(2). Suppose -5*c + 3*c + 70 = s. Is c a composite number?
True
Suppose -5*b + 60 = -b. Suppose -5*p = 2*r - 5, -r = -5*p + r - b. Is -4 + (0 - p) - -54 a composite number?
True
Let x(t) be the first derivative of t**3/3 - 3*t**2 - 7*t - 2. Let y be x(7). Suppose y = -b - 4*b + 105. Is b a composite number?
True
Is 62/(-5)*30/(-12) prime?
True
Is 708/3*(-14)/(-8) prime?
False
Suppose 5*o - h = 1019, 5*h + 276 = 4*o - 556. Is o prime?
False
Let r(y) = -y**3 + y**2 + 3*y - 3. Let j be r(-3). Suppose 22 + j = -2*d. Is 1/(45/d + 2) prime?
True
Let a(n) = -n - 1. Let s be a(-5). Let d(j) be the second derivative of j**4/3 + 3*j**2/2 + 6*j. Is d(s) composite?
False
Suppose 4*d + 196 = -5*i, 80 = -2*i - 0*d - 2*d. Let h = -22 - i. Let x = h - -7. Is x a composite number?
True
Let u = -2556 - -4463. Is u a composite number?
False
Is (19*29/1)/1 prime?
False
Suppose 5*c - 398 = 4*j + 229, 0 = -j + c - 156. Let u = j - -446. Is u a prime number?
True
Suppose -3*u + 143 = 2*t - 71, 5*u + t = 359. Let q = -39 + u. Is q a composite number?
True
Suppose -3*g - 279 = -q, q + 2*g - 4*g - 275 = 0. Suppose 0 = -o + q + 202. Is o prime?
False
Let o = 1281 - 760. Is o a prime number?
True
Suppose 4*o - 3*k - 764 - 627 = 0, o = 3*k + 350. Is o a prime number?
True
Suppose -5*a + 2*x - 1277 = 7710, 4*a - x + 7192 = 0. Is 3/4 - a/28 a prime number?
False
Let m(d) = 9*d**3 + 4*d**2 - 5*d + 3. Is m(4) a prime number?
False
Suppose 5*i = i + 4. Let z be -74*i*3/6. Let d = z - -58. Is d a composite number?
True
Let z = 22 + -14. Suppose -c + 45 = z. Is c composite?
False
Let d(u) = 2*u**2 + 2*u + 5. Is d(-7) composite?
False
Is (-5 - 1)*((-3867)/18 + 1) a composite number?
False
Let r(q) = 27*q - 1. Let v be r(1). Suppose n = v + 27. Is n a prime number?
True
Let o = -667 + 1556. Is o a composite number?
True
Let k = 0 - 0. Suppose k = 5*f - 248 - 17. Is f prime?
True
Suppose g - 5*u - 463 = -2*g, 0 = -3*u - 6. Suppose 4*o + 5*w = 181, 3*o + g = 7*o - w. Is o a prime number?
False
Suppose o - 13 = 3*x - 4*o, -14 = -x - 2*o. Suppose -x*r + 39 = -r. Is r composite?
False
Let w be (-6 - 0)/(15/(-10)). Suppose -w*o + 77 = 1. Is o composite?
False
Suppose -4*h + 2*a = -306, 2*h - 66 = h + 4*a. Let o = h - -35. Is o composite?
False
Let t be 2/6 - (-320)/(-15). Suppose 3*f - 44 = 2*f. Let h = t + f. Is h a composite number?
False
Is 28/(-70) + (-3074)/(-10) composite?
False
Suppose 105 + 279 = 2*s. Let y = s + -73. Is y a prime number?
False
Let a = 79 + 87. Is a a prime number?
False
Let h = 0 - -25. Let o(i) = -i**2 - 4*i + 7. Let t be o(3). Let p = h + t. Is p prime?
True
Let o(i) = 57*i + 3. Let w be o(-3). Let p = w + 265. Is p a prime number?
True
Let p(d) = 0 - 6*d - 4 + 0*d. Let k be p(